f = -5 + 1. Calculate i(f).
5
Let s(m) = 4*m + 11. Let f(r) = -2*r - 10. Let o(p) = -3*f(p) - 4*s(p). Calculate o(-2).
6
Let z(g) be the second derivative of 0 + 2*g**2 + 1/6*g**3 + 1/3*g**4 - g + 1/20*g**5. Suppose 18*d + 4 = -68. Calculate z(d).
0
Let q(m) be the second derivative of 1/12*m**4 + 0 + m + m**2 - 1/6*m**3. What is q(0)?
2
Let i(n) be the second derivative of n**4/12 - n**3 - 9*n**2/2 + n. Let r = 0 + 3. Suppose -g + 22 = r*g - 3*w, 5*w = 4*g - 18. What is i(g)?
-2
Let d(w) = w**2 - 8*w + 8. Let z(g) = 2*g**3 + 13*g**2 - 15*g - 51. Let i be z(-7). Calculate d(i).
-7
Let r(o) = o**3 - o**2 - 5*o + 2. Let v be r(3). Let y(s) be the first derivative of s**4/4 - 4*s**3/3 - 2*s**2 + 4*s + 2. Give y(v).
9
Suppose -y - 2 = -3*f - 1, -y + 11 = 3*f. Let q(a) = -7*a**f + 12*a**3 + 2 - 34*a**3 + 10*a**3 + 13*a**3. What is q(7)?
2
Let q(i) = i + 16. Suppose 5*p + 51 = 2*z, 0 = -2*p + 5*z - 4*z - 20. Calculate q(p).
5
Let o(q) be the second derivative of q**4/3 + 10*q**2 - 7*q. Let f(d) be the first derivative of o(d). Calculate f(2).
16
Let u(d) be the first derivative of -1/120*d**6 + 1/12*d**5 - 4 - 1/24*d**4 + 0*d - 1/2*d**2 + 7/6*d**3. Let o(b) be the second derivative of u(b). Give o(5).
2
Let t = 41 + -40. Let k(d) = t - 3*d**2 - 2 + 4*d**2 + d**3. Calculate k(-1).
-1
Let m(k) = -k**3 + 3*k**2 + 17*k - 3. Let q be m(6). Let l(i) = -3*i - 9. Calculate l(q).
18
Let k(b) = b**3 + 4*b**2 + 2*b - 1. Let u be 564/36 - 8/(-6). Let q = 15 - u. Calculate k(q).
3
Let t(c) be the first derivative of c**5/20 + c**4/12 + c**3/6 - 23*c**2/2 + 30*c - 9. Let o(w) be the first derivative of t(w). Determine o(0).
-23
Let v(q) = 8*q**2 - 2*q + 4. Let a(i) = -2*i**2 + 4 - 3*i - 2*i**2 + 2*i + 11*i**2. Let r(z) = 7*a(z) - 6*v(z). What is r(-5)?
4
Let u(a) = a - 1. Let r(s) = s**2 - s + 8. Let n be r(0). Suppose 0*v - n = -4*v. Suppose 1 = j - v*j. What is u(j)?
-2
Let o(m) = -m**2 + m + 1. Let v(s) = s**3 - 12*s - 3. Let l(w) = 5*o(w) + v(w). Suppose 30 = 10*z - 5*z. What is l(z)?
-4
Let v be 3 + 4 + (-8 - -1). Let q(z) be the second derivative of 0*z**3 + v - 1/2*z**2 + 2*z + 1/12*z**4. Give q(1).
0
Suppose -g - 3 = -6. Suppose g*j + 12 = -4*t, -3*j + 6 = -4*j - 2*t. Suppose -4*m - 3*s - 9 = j, -4*m - 4*s = -m - 2. Let z(p) = p**2 + 7*p - 1. Give z(m).
-7
Let m = 128 - 134. Let g(w) = w + 8. Let b(n) = n + 8. Let v(i) = 3*b(i) - 4*g(i). Determine v(m).
-2
Suppose q - 16 = 5*q. Let n be (4/3)/(q/6). Let t(h) = -21*h - 2. Let p(l) = -11*l - 1. Let s(o) = -7*p(o) + 4*t(o). Determine s(n).
13
Let t(f) = 2*f**2 + 5*f + 7. Let u be (5 + -3)*(54/(-12) + 3). Determine t(u).
10
Let l be (-129)/24 + ((-135)/(-40) - 3). Let s(r) = 10*r + 1. Give s(l).
-49
Let s(w) = w + 5. Let q be (1 - (-12)/(-4))*-33. Suppose -x - 72 = 3*g + 2*x, 3*g = -x - q. Let o = -27 - g. Calculate s(o).
-1
Let o(b) = b**3 - 3*b**2 - b - 3. Suppose 4 = 5*h + 5*j - 16, j = 5*h + 10. Let y = 12 + -10. Let n be h/y + (-42)/(-12). Calculate o(n).
-6
Let n(v) = 34*v**2 + 8*v - 10. Let m(c) = 23*c**2 + 6*c - 7. Let w(k) = 7*m(k) - 5*n(k). Calculate w(2).
-31
Let k(h) = 3*h - 57*h**3 + 10*h**2 - 3 - 19*h**2 + 1 + 7*h**2. Give k(1).
-58
Let i(z) = -8*z + 5. Let j(u) = -13*u + 9. Let r(p) = -11*i(p) + 6*j(p). Determine r(0).
-1
Let n(i) = -3*i**2 + 11*i - 17. Let a(g) = 2*g**2 - 8*g + 11. Let m(x) = -8*a(x) - 5*n(x). Give m(6).
15
Let w = -3 + 5. Let z(n) be the third derivative of -n**6/40 + n**5/60 + n**4/24 + 2448*n**2. What is z(w)?
-18
Let w(r) be the second derivative of -7*r**4/12 - r**2 - 5*r - 2. Give w(-2).
-30
Let q(l) be the third derivative of l**5/60 - l**4/12 - l**3/3 + 2*l**2. Let t = 19 - 15. Calculate q(t).
6
Let h(o) = 2*o**2 - 2*o - 6. Suppose -7*q + 2 = -8*q. Let y be h(q). Let p(v) = 2*v**2 - 3*v**2 - 4*v**2 + v**3 - 5*v + 7. Calculate p(y).
13
Suppose 3*g = g. Let h(o) be the third derivative of 1/24*o**4 - 10*o**2 + 3/2*o**3 + 1/60*o**5 - 1/120*o**6 + 0 + 0*o. Determine h(g).
9
Let r(z) be the first derivative of z**4/4 + 3*z**3 - 3*z**2/2 + 8*z + 174. Calculate r(-9).
35
Let o(t) be the third derivative of -t**7/840 - 7*t**6/360 - t**5/24 - t**4/24 + 2*t**3 - 43*t**2. Let l(a) be the first derivative of o(a). What is l(-5)?
-26
Let j(n) = 27*n - 181. Let x be j(7). Let b(t) = 2*t - 2. What is b(x)?
14
Let p be 38/(-95)*(0 - 5). Let l(n) = 5 - 59*n**3 + 3*n**2 - p + 3*n + 60*n**3. What is l(-2)?
1
Let g(y) = -y**2 - y + 1. Let h(k) = -72*k - 5 - 72*k + 150*k. Let i(n) = -g(n) - h(n). Determine i(4).
0
Let f(p) = 16*p**3 + p. Let n(r) = r**3 - r**2 - 4*r + 3. Let c = 13 + -12. Suppose c = -s + 3. Let a be n(s). What is f(a)?
-17
Suppose -6 = m + m. Let s be 11/m*9/(-3). Suppose 3*b = s - 2. Let y(k) = 2*k**2 - 2*k - 4. What is y(b)?
8
Let y(p) = p**3 - 11*p**2 + 9*p + 8. Let o(t) = -t**2 - 8*t - 2. Let n be o(-8). Let v be 26 + -14 + (-2 - (n + 2)). What is y(v)?
-2
Let n(o) = 1. Let r(k) = 2. Let q(c) = 5*n(c) - 3*r(c). Let i(p) = p + 1. Let b(l) = -2*i(l) - 3*q(l). Let h = -2 - 1. Give b(h).
7
Let u(x) be the second derivative of -x**5/20 - 3*x**4/4 + x**3/2 - x**2/2 - 179*x. Calculate u(-9).
-28
Let o(s) = -s**3 - 17*s**2 - 18*s - 28. Let t = -74 + 58. What is o(t)?
4
Let m be (-69)/12 - 1/4. Suppose -17 = -x + 2*k, 6*k - 13 = -4*x + 3*k. Let o(c) = 5 - x*c**2 - 3*c + 6*c**2 - 3*c. Determine o(m).
5
Let o(l) = -l + 1. Suppose 0 = 5*r + 4*t + 55, 5*r + 3*t - 35 + 95 = 0. Let s be (-9)/12 + r/12. Give o(s).
3
Suppose 10 = -2*f + 7*f. Let q(b) = -14*b - 2. Let r(a) = -2*a. Let d(p) = -q(p) + 4*r(p). Calculate d(f).
14
Let k(h) = -7 + 2*h + 7*h + 3*h - 11*h - 3. Let s(z) = z**2 + 3*z + 2. Let o be s(-5). Suppose 3*q - 27 = -o. Calculate k(q).
-5
Let l(i) = i**2 - 10*i - 1. Let w = 149 - 141. Give l(w).
-17
Let s be ((-459)/306)/((-3)/4). Let p(z) = -4*z**2 + 3*z + 4. Calculate p(s).
-6
Let d(v) be the first derivative of -v**4/4 - 8*v**3/3 + v**2 + 18*v + 61. Calculate d(-8).
2
Let z(w) = 3*w**2 - 2*w - 11. Let h(y) = 2*y**2 - 4*y - 10. Let j(i) = 4*h(i) - 3*z(i). Calculate j(-9).
2
Let s be 9/3*(4 + (-17)/3). Let g(z) be the third derivative of 2*z**2 + 0*z + 5/6*z**3 + 0 + 1/12*z**4. Determine g(s).
-5
Suppose -6*z + 9*z - 1 = 5*v, -2*v = -2. Let g(u) = 2*u**2 - 3*u - 2. Give g(z).
0
Suppose 2*m - 5*m = -2*m. Let r(z) = m*z + 6 - z - 2. Calculate r(4).
0
Let i(f) be the second derivative of 0 - 6*f + 0*f**2 + 2/3*f**3. Let b be i(-1). Let w(g) = -g. Determine w(b).
4
Let a(y) = 2*y**2 + 6*y - 4. Let b(v) = 7 + 6*v**3 + 4 - 10. Let m be b(-1). Determine a(m).
16
Let g(s) = s**2 + 2*s - 1. Let t be ((-102)/(-14))/(-3) + (-3)/(-7). Calculate g(t).
-1
Let f(c) = -c**2 - 20*c - 90. Let p be f(-14). Let n(i) = -i**2 - i + 6. Give n(p).
-24
Let f(j) be the first derivative of j**2/2 - 3*j + 486. Calculate f(-3).
-6
Let b(l) = l**2 + 7*l - 5. Let y be b(-8). Let o(i) = 3*i + 1. Let m be (6/(-9))/(2/(-15)). Let c(n) = -2*n - 1. Let v(j) = m*c(j) + 3*o(j). What is v(y)?
-5
Let j(d) = -d**2 - 11*d - 5. Let v(m) = -2*m**2 - 23*m - 8. Let h(x) = -5*j(x) + 2*v(x). Suppose -5 = -2*q + 9. Let y = 0 - q. Determine h(y).
-5
Suppose 0 = 3*m + 2*m + 5*b - 25, 0 = -m - 2*b. Let g(i) = -9*i - 41 + m*i + 55. Calculate g(-10).
4
Let x(a) = a**2 - a - 13. Let d(g) = -9*g - 7 + g - g**2 + 10 - 1. Let p be d(-8). Suppose -2*r = p*r. What is x(r)?
-13
Let n(h) = h**2 + 9*h - 2. Let x = -349 - -342. Calculate n(x).
-16
Let i(v) = v**2 + 8*v + 6. Let x be i(-6). Let c(l) = 960*l - 3 - 959*l + 8 + 3. What is c(x)?
2
Let x(r) = 4*r - 22. Let h be x(7). Let s(w) = w**3 - 5*w**2 - 4*w - 5. Calculate s(h).
7
Let w(m) = -m + 9. Let s be w(4). Let x(d) be the third derivative of 0 - 1/6*d**3 + 1/12*d**4 + 1/12*d**5 - 1/120*d**6 + 2*d**2 + 0*d. Determine x(s).
9
Let b(a) = 2*a**2 + a + 1. Let z(l) = 5*l**2 - 6*l - 3. Let h(r) = -2*b(r) + z(r). Determine h(8).
-5
Let q(t) = t**3 + 18*t**2 - 18*t + 20. Let v(b) = -b**2 + 5*b + 5. Let i be v(-3). Give q(i).
1
Let p(y) be the first derivative of -y**4/4 + 2*y**3 + 3*y**2 + 13. Suppose q = 4*q - 21. Calculate p(q).
-7
Suppose -5*d = -4*b - 334, -5*d + 3*b = -2*b - 335. Let a(g) = -d - 63 + 130 + 20*g**2. Give a(1).
21
Suppose 0 = -l + 2*z + 16, 0 = -3*l + z + 23. Suppose -5*i - 4*n + 27 = -5, -3*n = l. Let j(y) = 0 - i*y**2 + 3*y**2 - 2 + y**3. Calculate j(5).
-2
